{"id":25519,"date":"2022-03-30T09:08:03","date_gmt":"2022-03-30T09:08:03","guid":{"rendered":"https:\/\/www.erplybooks.com\/?page_id=25519"},"modified":"2025-01-27T12:24:25","modified_gmt":"2025-01-27T12:24:25","slug":"palgamaksude-erandid","status":"publish","type":"page","link":"https:\/\/www.erplybooks.com\/et\/palgamaksude-erandid\/","title":{"rendered":"Palgamaksude erandid"},"content":{"rendered":"<h3>6. Palgamaksude erandid<\/h3>\n<p>\u00dcldiselt m\u00e4\u00e4ratakse maksud kas tasude liikidele v\u00f5i t\u00f6\u00f6tajatele (Tasude liigid ja T\u00f6\u00f6lepingud moodul). Maksuarvestuses esineb ka erandjuhte ja sel juhul saab m\u00e4\u00e4rata erandjuhtumid, kui avada <strong>&#8220;Palk&#8221; &gt; &#8220;Palgaarvestuse reeglid&#8221; &gt; &#8220;Palgamaksude erandid&#8221;.\u00a0<\/strong>Erandid on n\u00e4iteks haigush\u00fcvitis, lapsepuhkus ja puudega lapse vanema lapsepuhkus, mille puhul tuleb arvestada tuleb vaid tulumaks. Samuti on eranditeks kogumispensioni III sammas, v\u00e4henenud t\u00f6\u00f6v\u00f5imega t\u00f6\u00f6taja sotsiaalmaksu arvestus ja koondamish\u00fcvitis.<\/p>\n<p><strong>Haigush\u00fcvitis<\/strong><\/p>\n<p>Haigush\u00fcvitise puhul tuleb t\u00e4ita j\u00e4rgnevad read. Siin on m\u00e4\u00e4ratud, et k\u00f5ik maksud, peale tulumaksu, on nullid.<\/p>\n<p><img loading=\"lazy\" decoding=\"async\" class=\"alignnone wp-image-24941 size-full\" src=\"https:\/\/www.erplybooks.com\/wp-content\/uploads\/2022\/03\/Screenshot-2022-03-01-at-12.20.51.png\" alt=\"\" width=\"2428\" height=\"346\" srcset=\"https:\/\/www.erplybooks.com\/wp-content\/uploads\/2022\/03\/Screenshot-2022-03-01-at-12.20.51.png 2428w, https:\/\/www.erplybooks.com\/wp-content\/uploads\/2022\/03\/Screenshot-2022-03-01-at-12.20.51-1280x182.png 1280w, https:\/\/www.erplybooks.com\/wp-content\/uploads\/2022\/03\/Screenshot-2022-03-01-at-12.20.51-980x140.png 980w, https:\/\/www.erplybooks.com\/wp-content\/uploads\/2022\/03\/Screenshot-2022-03-01-at-12.20.51-480x68.png 480w\" sizes=\"auto, (min-width: 0px) and (max-width: 480px) 480px, (min-width: 481px) and (max-width: 980px) 980px, (min-width: 981px) and (max-width: 1280px) 1280px, (min-width: 1281px) 2428px, 100vw\" \/><\/p>\n<p><strong>Lapsepuhkus<\/strong><\/p>\n<p>Sisesta samad read nagu haigush\u00fcvitise puhul, aga tasude liigid veergu m\u00e4\u00e4ra <strong>16|lapsepuhkus<\/strong>.<\/p>\n<p><strong>Puudega lapse vanema lapsepuhkus<\/strong><\/p>\n<p>Sisesta samad read nagu haigush\u00fcvitise puhul, aga tasude liigid veergu m\u00e4\u00e4ra <strong>16|lapsepuhkuspuudega<\/strong>.<\/p>\n<p><strong>T\u00f6\u00f6v\u00f5imetuspuhkus<\/strong><\/p>\n<p>Sisesta samad read nagu haigush\u00fcvitise puhul, aga tasude liigid veergu m\u00e4\u00e4ra <strong>16|t\u00f6\u00f6v\u00f5imetuspuhkus<\/strong>.<\/p>\n<p><strong>Kogumispension III<\/strong><\/p>\n<p>Kogumispensioni III samba puhul tuleb t\u00e4ita j\u00e4rgnevad read. Siin on m\u00e4\u00e4ratud kaks rida: esimese reaga m\u00e4\u00e4ratakse t\u00f6\u00f6taja kogumispenioni III samba jaoks tulumaksu arvestus ja teise reaga m\u00e4\u00e4ratakse see juhatuse liikme kogumispension III jaoks.<\/p>\n<p><img loading=\"lazy\" decoding=\"async\" class=\"alignnone size-full wp-image-24226\" src=\"https:\/\/www.erplybooks.com\/wp-content\/uploads\/2021\/10\/Screenshot-2021-10-06-at-09.53.33.png\" alt=\"\" width=\"2432\" height=\"268\" srcset=\"https:\/\/www.erplybooks.com\/wp-content\/uploads\/2021\/10\/Screenshot-2021-10-06-at-09.53.33.png 2432w, https:\/\/www.erplybooks.com\/wp-content\/uploads\/2021\/10\/Screenshot-2021-10-06-at-09.53.33-1280x141.png 1280w, https:\/\/www.erplybooks.com\/wp-content\/uploads\/2021\/10\/Screenshot-2021-10-06-at-09.53.33-980x108.png 980w, https:\/\/www.erplybooks.com\/wp-content\/uploads\/2021\/10\/Screenshot-2021-10-06-at-09.53.33-480x53.png 480w\" sizes=\"auto, (min-width: 0px) and (max-width: 480px) 480px, (min-width: 481px) and (max-width: 980px) 980px, (min-width: 981px) and (max-width: 1280px) 1280px, (min-width: 1281px) 2432px, 100vw\" \/><\/p>\n<p>Kogumispensioni III puhul tuleb lisada veel globaalne atribuut. Kirjuta pealehe otsingukasti <strong>&#8220;Globaalsed atribuudid&#8221;<\/strong> ja lisa uus rida:<\/p>\n<p>Nimi: GLOBAL_PAYROLL_WEIGHT_ADDITION<\/p>\n<p>V\u00e4\u00e4rtus: 25,29<\/p>\n<p>Peale v\u00e4ljade t\u00e4itmist salvesta. Muudatuste rakendumiseks logi programmist v\u00e4lja ja sisse.<\/p>\n<p><strong>V\u00e4henenud t\u00f6\u00f6v\u00f5imega t\u00f6\u00f6taja sotsiaalmaks<\/strong><\/p>\n<p>V\u00e4henenud t\u00f6\u00f6v\u00f5imega t\u00f6\u00f6taja sotsiaalmaksu arvestamiseks, kus osa sotsiaalmaksust tasub T\u00f6\u00f6tukassa ja \u00fclej\u00e4\u00e4nud osa t\u00f6\u00f6andja, tuleb sisestada j\u00e4rgmine 2 rida ja samuti m\u00e4\u00e4rata valem sotsiaalmaksu arvutamise jaoks.<\/p>\n<p><img loading=\"lazy\" decoding=\"async\" class=\"alignnone size-full wp-image-35505\" src=\"https:\/\/www.erplybooks.com\/wp-content\/uploads\/2025\/01\/Kuvatommis-2025-01-27-142253.png\" alt=\"\" width=\"1295\" height=\"118\" srcset=\"https:\/\/www.erplybooks.com\/wp-content\/uploads\/2025\/01\/Kuvatommis-2025-01-27-142253.png 1295w, https:\/\/www.erplybooks.com\/wp-content\/uploads\/2025\/01\/Kuvatommis-2025-01-27-142253-1280x117.png 1280w, https:\/\/www.erplybooks.com\/wp-content\/uploads\/2025\/01\/Kuvatommis-2025-01-27-142253-980x89.png 980w, https:\/\/www.erplybooks.com\/wp-content\/uploads\/2025\/01\/Kuvatommis-2025-01-27-142253-480x44.png 480w\" sizes=\"auto, (min-width: 0px) and (max-width: 480px) 480px, (min-width: 481px) and (max-width: 980px) 980px, (min-width: 981px) and (max-width: 1280px) 1280px, (min-width: 1281px) 1295px, 100vw\" \/><\/p>\n<p>*PART=ADD*gross*SUBTRACT*NUMBER(820)*MULTIPLY*NUMBER(0.33)<\/p>\n","protected":false},"excerpt":{"rendered":"<p>6. Palgamaksude erandid \u00dcldiselt m\u00e4\u00e4ratakse maksud kas tasude liikidele v\u00f5i t\u00f6\u00f6tajatele (Tasude liigid ja T\u00f6\u00f6lepingud moodul). Maksuarvestuses esineb ka erandjuhte ja sel juhul saab m\u00e4\u00e4rata erandjuhtumid, kui avada &#8220;Palk&#8221; &gt; &#8220;Palgaarvestuse reeglid&#8221; &gt; &#8220;Palgamaksude erandid&#8221;.\u00a0Erandid on n\u00e4iteks haigush\u00fcvitis, lapsepuhkus ja puudega lapse vanema lapsepuhkus, mille puhul tuleb arvestada tuleb vaid tulumaks. Samuti on eranditeks kogumispensioni [&hellip;]<\/p>\n","protected":false},"author":14,"featured_media":0,"parent":0,"menu_order":0,"comment_status":"closed","ping_status":"closed","template":"","meta":{"_et_pb_use_builder":"","_et_pb_old_content":"","_et_gb_content_width":"","footnotes":""},"categories":[457],"tags":[856,855,147],"class_list":["post-25519","page","type-page","status-publish","hentry","category-palk","tag-erand","tag-maks","tag-palk"],"_links":{"self":[{"href":"https:\/\/www.erplybooks.com\/et\/wp-json\/wp\/v2\/pages\/25519","targetHints":{"allow":["GET"]}}],"collection":[{"href":"https:\/\/www.erplybooks.com\/et\/wp-json\/wp\/v2\/pages"}],"about":[{"href":"https:\/\/www.erplybooks.com\/et\/wp-json\/wp\/v2\/types\/page"}],"author":[{"embeddable":true,"href":"https:\/\/www.erplybooks.com\/et\/wp-json\/wp\/v2\/users\/14"}],"replies":[{"embeddable":true,"href":"https:\/\/www.erplybooks.com\/et\/wp-json\/wp\/v2\/comments?post=25519"}],"version-history":[{"count":0,"href":"https:\/\/www.erplybooks.com\/et\/wp-json\/wp\/v2\/pages\/25519\/revisions"}],"wp:attachment":[{"href":"https:\/\/www.erplybooks.com\/et\/wp-json\/wp\/v2\/media?parent=25519"}],"wp:term":[{"taxonomy":"category","embeddable":true,"href":"https:\/\/www.erplybooks.com\/et\/wp-json\/wp\/v2\/categories?post=25519"},{"taxonomy":"post_tag","embeddable":true,"href":"https:\/\/www.erplybooks.com\/et\/wp-json\/wp\/v2\/tags?post=25519"}],"curies":[{"name":"wp","href":"https:\/\/api.w.org\/{rel}","templated":true}]}}

<h3>6. Palgamaksude erandid</h3>
<p>Üldiselt määratakse maksud kas tasude liikidele või töötajatele (Tasude liigid ja Töölepingud moodul). Maksuarvestuses esineb ka erandjuhte ja sel juhul saab määrata erandjuhtumid, kui avada <strong>&#8220;Palk&#8221; &gt; &#8220;Palgaarvestuse reeglid&#8221; &gt; &#8220;Palgamaksude erandid&#8221;. </strong>Erandid on näiteks haigushüvitis, lapsepuhkus ja puudega lapse vanema lapsepuhkus, mille puhul tuleb arvestada tuleb vaid tulumaks. Samuti on eranditeks kogumispensioni III sammas, vähenenud töövõimega töötaja sotsiaalmaksu arvestus ja koondamishüvitis.</p>
<p><strong>Haigushüvitis</strong></p>
<p>Haigushüvitise puhul tuleb täita järgnevad read. Siin on määratud, et kõik maksud, peale tulumaksu, on nullid.</p>
<p><img loading="lazy" decoding="async" class="alignnone wp-image-24941 size-full" src="https://www.erplybooks.com/wp-content/uploads/2022/03/Screenshot-2022-03-01-at-12.20.51.png" alt="" width="2428" height="346" srcset="https://www.erplybooks.com/wp-content/uploads/2022/03/Screenshot-2022-03-01-at-12.20.51.png 2428w, https://www.erplybooks.com/wp-content/uploads/2022/03/Screenshot-2022-03-01-at-12.20.51-1280x182.png 1280w, https://www.erplybooks.com/wp-content/uploads/2022/03/Screenshot-2022-03-01-at-12.20.51-980x140.png 980w, https://www.erplybooks.com/wp-content/uploads/2022/03/Screenshot-2022-03-01-at-12.20.51-480x68.png 480w" sizes="auto, (min-width: 0px) and (max-width: 480px) 480px, (min-width: 481px) and (max-width: 980px) 980px, (min-width: 981px) and (max-width: 1280px) 1280px, (min-width: 1281px) 2428px, 100vw" /></p>
<p><strong>Lapsepuhkus</strong></p>
<p>Sisesta samad read nagu haigushüvitise puhul, aga tasude liigid veergu määra <strong>16|lapsepuhkus</strong>.</p>
<p><strong>Puudega lapse vanema lapsepuhkus</strong></p>
<p>Sisesta samad read nagu haigushüvitise puhul, aga tasude liigid veergu määra <strong>16|lapsepuhkuspuudega</strong>.</p>
<p><strong>Töövõimetuspuhkus</strong></p>
<p>Sisesta samad read nagu haigushüvitise puhul, aga tasude liigid veergu määra <strong>16|töövõimetuspuhkus</strong>.</p>
<p><strong>Kogumispension III</strong></p>
<p>Kogumispensioni III samba puhul tuleb täita järgnevad read. Siin on määratud kaks rida: esimese reaga määratakse töötaja kogumispenioni III samba jaoks tulumaksu arvestus ja teise reaga määratakse see juhatuse liikme kogumispension III jaoks.</p>
<p><img loading="lazy" decoding="async" class="alignnone size-full wp-image-24226" src="https://www.erplybooks.com/wp-content/uploads/2021/10/Screenshot-2021-10-06-at-09.53.33.png" alt="" width="2432" height="268" srcset="https://www.erplybooks.com/wp-content/uploads/2021/10/Screenshot-2021-10-06-at-09.53.33.png 2432w, https://www.erplybooks.com/wp-content/uploads/2021/10/Screenshot-2021-10-06-at-09.53.33-1280x141.png 1280w, https://www.erplybooks.com/wp-content/uploads/2021/10/Screenshot-2021-10-06-at-09.53.33-980x108.png 980w, https://www.erplybooks.com/wp-content/uploads/2021/10/Screenshot-2021-10-06-at-09.53.33-480x53.png 480w" sizes="auto, (min-width: 0px) and (max-width: 480px) 480px, (min-width: 481px) and (max-width: 980px) 980px, (min-width: 981px) and (max-width: 1280px) 1280px, (min-width: 1281px) 2432px, 100vw" /></p>
<p>Kogumispensioni III puhul tuleb lisada veel globaalne atribuut. Kirjuta pealehe otsingukasti <strong>&#8220;Globaalsed atribuudid&#8221;</strong> ja lisa uus rida:</p>
<p>Nimi: GLOBAL_PAYROLL_WEIGHT_ADDITION</p>
<p>Väärtus: 25,29</p>
<p>Peale väljade täitmist salvesta. Muudatuste rakendumiseks logi programmist välja ja sisse.</p>
<p><strong>Vähenenud töövõimega töötaja sotsiaalmaks</strong></p>
<p>Vähenenud töövõimega töötaja sotsiaalmaksu arvestamiseks, kus osa sotsiaalmaksust tasub Töötukassa ja ülejäänud osa tööandja, tuleb sisestada järgmine 2 rida ja samuti määrata valem sotsiaalmaksu arvutamise jaoks.</p>
<p><img loading="lazy" decoding="async" class="alignnone size-full wp-image-35505" src="https://www.erplybooks.com/wp-content/uploads/2025/01/Kuvatommis-2025-01-27-142253.png" alt="" width="1295" height="118" srcset="https://www.erplybooks.com/wp-content/uploads/2025/01/Kuvatommis-2025-01-27-142253.png 1295w, https://www.erplybooks.com/wp-content/uploads/2025/01/Kuvatommis-2025-01-27-142253-1280x117.png 1280w, https://www.erplybooks.com/wp-content/uploads/2025/01/Kuvatommis-2025-01-27-142253-980x89.png 980w, https://www.erplybooks.com/wp-content/uploads/2025/01/Kuvatommis-2025-01-27-142253-480x44.png 480w" sizes="auto, (min-width: 0px) and (max-width: 480px) 480px, (min-width: 481px) and (max-width: 980px) 980px, (min-width: 981px) and (max-width: 1280px) 1280px, (min-width: 1281px) 1295px, 100vw" /></p>
<p>*PART=ADD*gross*SUBTRACT*NUMBER(820)*MULTIPLY*NUMBER(0.33)</p>

<p>6. Palgamaksude erandid Üldiselt määratakse maksud kas tasude liikidele või töötajatele (Tasude liigid ja Töölepingud moodul). Maksuarvestuses esineb ka erandjuhte ja sel juhul saab määrata erandjuhtumid, kui avada &#8220;Palk&#8221; &gt; &#8220;Palgaarvestuse reeglid&#8221; &gt; &#8220;Palgamaksude erandid&#8221;. Erandid on näiteks haigushüvitis, lapsepuhkus ja puudega lapse vanema lapsepuhkus, mille puhul tuleb arvestada tuleb vaid tulumaks. Samuti on eranditeks kogumispensioni [&hellip;]</p>
